r(y) = -27*y - 17. Let d(a) = -a**2 + 5. Let u be d(2). Let z be u + 20/8*-2. List the prime factors of r(z).
7, 13
Let p(y) = -y**2 + 19*y - 85. Let j be p(9). Suppose -3*t - 4*d = -2919, j*t = -3*d - 0*d + 4865. What are the prime factors of t?
7, 139
Suppose 28*d - 45171 = -10619. List the prime factors of d.
2, 617
Suppose -5*j + 65*g = 69*g - 18136, -3631 = -j + 3*g. List the prime factors of j.
2, 907
Let t(j) be the third derivative of j**5/12 - j**4/2 - 3*j**3 + 2*j**2 - 25. List the prime factors of t(-9).
3, 5, 11
Let p(m) be the third derivative of 3*m**4/2 - 12*m**3 - 44*m**2. List the prime factors of p(12).
2, 3, 5
Let c be (-27)/21 + 1 + 204/28. Suppose 11*m = c*m + 816. What are the prime factors of m?
2, 3, 17
Let j be 1*(0 - 2) + 12. Let m be 19*(-1 + j + 2). Suppose -n - l + 61 = 0, 3*l = n + 3*n - m. List the prime factors of n.
2, 7
Let l = -21518 + 31924. What are the prime factors of l?
2, 11, 43
Let i = -2692 - -6723. What are the prime factors of i?
29, 139
Let f(n) = n**3 - 18*n - 4. Let s be f(-4). Suppose -4*q + 28 = 4*b - 72, -s*q = 3*b - 96. List the prime factors of q.
3, 7
Let d(q) = 179*q**3 - 10*q**2 + 22*q + 5. List the prime factors of d(3).
2, 29, 83
List the prime factors of (((-6)/4)/(9/(-66)))/(1/2998).
2, 11, 1499
Suppose 36*s - 40*s - c + 38624 = 0, -5*s = 2*c - 48277. List the prime factors of s.
3, 29, 37
Let y be 15 - (-1 - 5) - -2. Suppose -28*s - y*s = -4488. What are the prime factors of s?
2, 11
Suppose 0*v - 2*v = 3*x - 17389, 5*v - 5*x = 43560. List the prime factors of v.
5, 1741
Suppose 4*o = -7 + 3, -5*o = i + 3. Let k(n) be the third derivative of 10*n**4/3 - 2*n**3/3 - 16*n**2 - 1. What are the prime factors of k(i)?
2, 3, 13
Let k = 72308 - 50974. What are the prime factors of k?
2, 10667
Let i be (-296)/(-36) + -8 - 21974/(-18). Let h = i + -813. What are the prime factors of h?
2, 3, 17
Let h(u) = -254*u + 179. Suppose 138 = 16*l - 39*l. List the prime factors of h(l).
13, 131
Let u be -50 + 22 + 1*4. What are the prime factors of 3530/8 + u/96?
3, 7
Let k(v) = v**2 - 51*v + 165. Let n be k(46). Let c = -252 + 361. Let x = c + n. List the prime factors of x.
2, 11
Suppose 0 = 3*y + 2*z - 4, 0*z = 5*y + 2*z - 8. Suppose y*d - q + 8 = -3*q, 5*q = -5. Let n(p) = 11*p**2 + 5*p + 7. List the prime factors of n(d).
7, 13
Suppose 4 + 4 = 4*h. Let b be (133 - (5 - 11)) + -6. Suppose -3*o + 5*f - 37 = -b, 59 = h*o - 5*f. What are the prime factors of o?
37
What are the prime factors of (-468570)/(-18) + (-192)/18 + 11?
2, 1627
Suppose -3*p = 4*k - 7*k - 108, -k - 3*p = 20. Let x(w) = -w**2 - 34*w + 31. List the prime factors of x(k).
5, 19
Let k(y) = -4*y**3 - 8*y**2 + 23*y + 363. List the prime factors of k(-14).
11, 859
Suppose -9*y = 5*f - 4*y + 45, f + 5*y + 25 = 0. Let p(i) = 13*i**2 - 7*i + 14. What are the prime factors of p(f)?
2, 11, 17
Let d = -16 + -20. Let p = 44 + d. Suppose a - 19 = p. List the prime factors of a.
3
Suppose 3 = 14*v - 11*v, 4*l = 3*v + 183681. List the prime factors of l.
3, 15307
List the prime factors of (-992)/(-40) - 25 - 211756/(-5).
3, 19, 743
Suppose 5*d - 30 = 10. Let u be 5 - 44*(-2)/(-8). What are the prime factors of (u - (4 - d)) + 187?
5, 37
Let h be (-64)/(-11) - 12/(-330)*5. Suppose i = 3*x + 188, h*x = -i + 7*x + 188. List the prime factors of i.
2, 47
Suppose 0 = 12*d + 918 - 3438. Suppose 12 = 3*i - d. Let a = i + -1. List the prime factors of a.
73
Let p = -45 - -48. Let r(u) be the second derivative of u**4/2 - 3*u**3/2 - 2*u**2 + u. List the prime factors of r(p).
23
Suppose x - 3 = h, -2*x = 2*x - 5*h - 12. Suppose -x*b = -8*b - 80. What are the prime factors of ((-5)/4)/(2/b)?
2, 5
Suppose 3*p + 58 = 5*d, 4*d - 6*d - p + 32 = 0. List the prime factors of (-120)/d*1*(-38 - -3).
2, 3, 5
Let l = -25 - -31. Let x(d) = l + 18*d**2 - 8*d + 14*d**2 + d**3 - 29*d**2. What are the prime factors of x(4)?
2, 43
Let m be 7/4 + -3*(-1)/(-4). Let d be (0 + m/(-2))*(-21 + 21). Suppose -2*j + 420 = 3*j - v, j + v - 84 = d. What are the prime factors of j?
2, 3, 7
Let h(g) = g**3 - 17*g**2 + g + 7. Let y = -6 + 22. Let x be h(y). Let k = 331 + x. List the prime factors of k.
2, 7
Suppose 0 = -4*c + 3*f + 71427, -5*c - 41*f + 39*f = -89255. What are the prime factors of c?
3, 11, 541
Let z(l) = 79*l**2 - 276*l - 157. List the prime factors of z(16).
3, 37, 47
Suppose -2*u - 2*b + 514 = 38, -2*u + 3*b = -471. Let c = -69 + -74. Let l = c + u. What are the prime factors of l?
2, 47
Let j = -45 - -51. Suppose 0 = d + 4*v - 14, 0 = -0*d - 5*d - 4*v + 22. Suppose 4*z - j = -14, -c + d*z = -20. List the prime factors of c.
2
Suppose n - 76 = 5*o + 61, 4*n + 5*o - 423 = 0. Let c(j) = 41*j - 121. Let p be c(3). Suppose -p*h - n = -10*h. What are the prime factors of h?
2, 7
Let p = 10644 - 6556. Suppose 0 = 4*o - 3*m - p, 5*o - 4*m = 8*o - 3066. List the prime factors of o.
2, 7, 73
Suppose 21*o + 310 = 26*o. Let m = o + -67. Let j(t) = 9*t**2 - 6*t - 22. What are the prime factors of j(m)?
233
Let s(j) = -2*j**2 + 363*j + 7. List the prime factors of s(45).
2, 7, 439
Suppose -6*j - 6973 = -j + 2*m, -5*m - 1413 = j. Let k = 2133 + j. List the prime factors of k.
2, 5, 37
Let s(f) = -11*f**3 + 4*f**2 + 4*f + 2. Suppose -3*x + 52 = u, -x - 38 = -3*x + u. Suppose -g = 5*z - x - 0, -3*z = 2*g - 8. What are the prime factors of s(g)?
2, 7
Let c = 11954 - -4355. List the prime factors of c.
47, 347
List the prime factors of ((-252)/147)/((-4)/7560).
2, 3, 5
Let l = -20 + -148. Let p = l + 534. What are the prime factors of -3 - 5/(-10)*p?
2, 3, 5
List the prime factors of 56822 + -2 + 0 - 11/(-22)*10.
5, 2273
Let i(j) = 310*j - 178. Let g be i(21). Suppose 514 = 6*y - g. What are the prime factors of y?
7, 163
Let k = 72 + -77. List the prime factors of -7 + (65 - 25/k).
3, 7
Suppose -4*f - 66 = -15*f. Suppose -f*z + z = -10. Suppose -2*u = 3*o - 2*o - 63, 2*u = -z. What are the prime factors of o?
5, 13
Suppose 0 = -74*b + 314883 + 924439 - 319502. What are the prime factors of b?
2, 5, 11, 113
Suppose -3*c + 3*u = -68103, -10*c + 22685 = -9*c - 5*u. List the prime factors of c.
5, 19, 239
Suppose 0 = 2*y + 8 - 14. List the prime factors of (-57)/133 - 857/(-7) - y.
7, 17
Let q = -165 + 156. List the prime factors of 26192/28 - q/((-252)/(-16)).
2, 3, 13
Suppose -85*t = -82*t - 198. Suppose -t*w + 738 = -60*w. List the prime factors of w.
3, 41
What are the prime factors of 2341906/184 + (-6)/8?
11, 13, 89
Let k be (-23)/(23/(-2298)) - 5. Let l = -1589 + k. What are the prime factors of l?
2, 11
Suppose -256 + 240 = -2*w. List the prime factors of 30/w*24/18 - -183.
2, 47
Suppose 58*s + 1300077 = 3325205. List the prime factors of s.
2, 7, 29, 43
Let g = 3432 + -2081. Let t = -599 + g. List the prime factors of t.
2, 47
Let x be 806/124 + (-2)/(-4). Let j(r) = 3 + 24 + 3*r + 14. List the prime factors of j(x).
2, 31
Let l = -28954 + 69216. List the prime factors of l.
2, 41, 491
Let t be (-28)/98 - (-107)/7. Let j(q) = -18 + 23*q - t - 16 + 52. List the prime factors of j(6).
3, 47
List the prime factors of (-42)/(-98) - (-29948)/28.
2, 5, 107
Let n(x) = 96*x + 14829. List the prime factors of n(-80).
3, 2383
What are the prime factors of (1*1287)/((-3)/(-21)) + -7?
2, 7, 643
Suppose -24*y - 95 = -25*y. Let f(s) = s**2 - y - 5*s + 43 + 47. List the prime factors of f(-3).
19
Let a(p) = -3 + 2*p - 455*p**2 + 455*p**2 - 48*p**3. What are the prime factors of a(-2)?
13, 29
What are the prime factors of (48/(-300)*-10)/((-2)/(-6280))?
2, 157
Let p(x) = -x**3 - 12*x**2 - 22*x - 18. Let y be p(-10). Suppose 0 = -t - 0*t - y*i + 112, 3*t - 301 = i. What are the prime factors of t?
2, 3, 17
Let h(m) = -10*m**3 - 18*m**2 + 59*m - 103. List the prime factors of h(-12).
13877
Suppose -3*z - 15 = -3*g - 0*g, g + 2*z = 5. Suppose -g*s + 2*f + 1210 = -s, -3*s + f + 908 = 0. Suppose -177 - s = -3*w. What are the prime factors of w?
2, 5
Let u = -10 + -19. Let z = -23 - u. Suppose o + 340 = z*o. What are the prime factors of o?
2, 17
Suppose 0 = -t + 2*x + 50959, 2*t + 8*x - 203724 = -2*t. List the prime factors of t.
5, 23, 443
Let q(n) = 212*n**2 + 419*n + 2126. What are the prime factors of q(-5)?
3, 1777
Let s(d) = -d + 5*d**2 + 5*d**2 + 0*d + 97 - 9*d**2 - 54. Suppose 0 = -3*n 